837?
2011
Calculate the greatest common divisor of 187138152 and 792.
72
Calculate the greatest common factor of 19 and 370765183.
19
What is the highest common divisor of 1504 and 1419917?
47
What is the highest common divisor of 122733 and 110097?
117
Calculate the greatest common divisor of 4198154 and 82.
82
Calculate the greatest common divisor of 735 and 44827503.
147
Calculate the greatest common factor of 200 and 103296300.
100
Calculate the greatest common divisor of 2990 and 12455950.
130
Calculate the highest common divisor of 843 and 20614441.
281
What is the highest common divisor of 341 and 8949607?
31
Calculate the greatest common factor of 9996 and 2066112.
204
What is the greatest common divisor of 12 and 58955412?
12
Calculate the greatest common factor of 3193 and 12383999.
103
What is the greatest common divisor of 57591 and 15822?
27
Calculate the highest common divisor of 190036 and 27650.
14
Calculate the greatest common factor of 829238 and 104.
2
Calculate the highest common factor of 228118 and 2893.
11
Calculate the greatest common factor of 106160 and 65750.
10
Calculate the highest common divisor of 4028016 and 52080.
1488
What is the highest common factor of 4200 and 7377400?
200
What is the greatest common factor of 11432372 and 179?
179
What is the greatest common divisor of 421186442 and 2438?
2438
What is the greatest common factor of 1746206 and 56?
14
What is the greatest common divisor of 1712 and 273562192?
1712
What is the greatest common factor of 719518 and 29312?
458
What is the highest common factor of 16594838 and 572?
26
Calculate the highest common divisor of 4845056 and 11264.
512
What is the greatest common factor of 31686 and 82506?
6
Calculate the greatest common divisor of 1208602 and 15965.
103
Calculate the greatest common factor of 13488664 and 84.
28
What is the greatest common divisor of 58483 and 7279?
251
What is the greatest common factor of 323 and 168815?
19
What is the greatest common divisor of 19569 and 37689?
3
Calculate the greatest common factor of 159423111 and 558.
279
Calculate the highest common factor of 36797 and 1503929.
1187
Calculate the highest common divisor of 26 and 174566197.
13
What is the greatest common factor of 1540 and 89197570?
770
What is the highest common divisor of 2 and 20867467?
1
Calculate the highest common factor of 2 and 63967529.
1
What is the highest common factor of 9875 and 2954205?
395
What is the highest common factor of 135309 and 231817?
23
Calculate the greatest common factor of 68381680 and 80.
80
What is the highest common factor of 10017366 and 11316?
246
Calculate the highest common factor of 232 and 2471438.
58
What is the highest common divisor of 592 and 1928958?
74
Calculate the greatest common divisor of 908 and 1089165068.
908
What is the greatest common divisor of 7 and 74934776?
7
Calculate the highest common factor of 13380 and 60969984.
2676
Calculate the highest common factor of 36 and 818192574.
18
What is the highest common factor of 45130 and 69430?
10
Calculate the greatest common factor of 1739040 and 8640.
480
Calculate the greatest common factor of 68 and 48411070.
34
What is the highest common divisor of 69 and 392636427?
69
What is the greatest common factor of 858000 and 61143225?
10725
What is the highest common factor of 89034 and 19931?
19
What is the greatest common divisor of 8673 and 340253?
59
What is the highest common factor of 6422 and 5553678?
338
Calculate the greatest common divisor of 5070 and 12193857.
507
What is the greatest common factor of 319802 and 55168?
862
Calculate the highest common divisor of 23152 and 292336.
16
Calculate the greatest common divisor of 759 and 2341592.
11
What is the greatest common factor of 1064 and 3822382?
38
What is the highest common divisor of 3708250 and 26390?
910
What is the highest common factor of 57318276 and 12?
12
What is the greatest common factor of 3102 and 2697706?
1034
Calculate the greatest common factor of 4068335 and 44955.
185
What is the greatest common divisor of 13640 and 17966360?
1240
What is the highest common divisor of 1205 and 153754385?
1205
What is the highest common factor of 18909 and 1094775?
33
Calculate the greatest common divisor of 3266065 and 275.
55
What is the highest common divisor of 9 and 17259306?
3
What is the highest common divisor of 4478373120 and 7608?
7608
Calculate the greatest common factor of 20291 and 266738.
197
What is the highest common divisor of 128083066 and 214?
214
What is the greatest common divisor of 10854 and 269891946?
3618
What is the greatest common factor of 1127191478 and 14?
14
What is the greatest common factor of 364 and 11936860?
52
What is the highest common factor of 39 and 8397363?
39
What is the highest common factor of 39214124 and 139?
139
What is the highest common divisor of 2072232 and 180?
36
Calculate the greatest common divisor of 6627 and 381.
3
What is the highest common divisor of 50 and 39832575?
25
What is the greatest common factor of 1864240 and 640?
80
Calculate the greatest common factor of 51 and 116212255.
17
What is the greatest common divisor of 345832596 and 58436?
8348
Calculate the highest common factor of 18939 and 40767.
321
What is the greatest common divisor of 1166570 and 10?
10
Calculate the greatest common divisor of 1864 and 565957.
233
What is the highest common divisor of 3200301 and 819?
117
What is the highest common factor of 95940 and 4838?
82
Calculate the highest common factor of 222807 and 161907.
87
What is the greatest common divisor of 62905667 and 253?
253
What is the highest common factor of 1904 and 390303?
17
What is the highest common factor of 100775 and 5455750?
3475
What is the greatest common divisor of 944104 and 25438?
322
What is the highest common divisor of 9744 and 1709616?
48
Calculate the highest common factor of 836 and 297447964.
836
What is the greatest common divisor of 20800 and 70170100?
1300
What is the greatest common divisor of 1229125623 and 51183?
17061
What is the greatest common factor of 5896187 and 231?
11
What is the greatest common divisor of 188 and 2861689?
47
What is the greatest common factor of 143041 and 43872?
457
What is the greatest common factor of 48 and 479207064?
24
What is the highest common divisor of 14253597 and 129?
129
Calculate the highest common divisor of 4462 and 21206.
46
What is the highest common factor of 24443424 and 4446?
342
What is the greatest common factor of 378964 and 175236?
68
What is the greatest common divisor of 1357 and 28482427?
59
Calculate the greatest common divisor of 20832 and 91663776.
2976
Calculate the highest common factor of 223008 and 1049592.
2424
What is the greatest common factor of 721182 and 559482?
3234
Calculate the greatest common factor of 4301 and 541805.
11
Calculate the greatest common divisor of 74187 and 6093.
9
Calculate the greatest common factor of 4707 and 416886961.
523
What is the highest common divisor of 3330 and 2560104?
666
What is the greatest common divisor of 60 and 17004660?
60
What is the greatest common divisor of 160 and 3262240?
160
Calculate the highest common divisor of 610 and 87210.
10
Calculate the highest common divisor of 768 and 47215008.
96
What is the greatest common divisor of 4079768 and 473?
11
Calculate the greatest common factor of 1404 and 4215228.
12
What is the highest common divisor of 299 and 226915?
13
What is the greatest common divisor of 1235319 and 777?
111
Calculate the highest common factor of 568694 and 23618.
98
Calculate the highest common divisor of 9960 and 2072100.
60
What is the greatest common divisor of 70357283 and 181143?
6709
Calculate the highest common factor of 210 and 229542684.
42
What is the greatest common factor of 35819226 and 2214?
54
What is the highest common factor of 290629210 and 2459?
2459
Calculate the highest common divisor of 56 and 2739513.
7
What is the greatest common factor of 244 and 365807240?
244
Calculate the highest common factor of 2786340 and 216.
12
Calculate the greatest common divisor of 118974 and 33654.
474
What is the highest common divisor of 4 and 3050042?
2
What is the highest common divisor of 121389610 and 212?
106
Calculate the highest common 